 - 1196. What is j(103)?
40
Let z(o) = -4*o**2 - 8*o + 392. What is z(9)?
-4
Let q(a) = 65*a - 714. What is q(6)?
-324
Let p(z) = 6*z - 80. Give p(38).
148
Let l(k) = -2*k**3 + 119*k**2 + 63*k - 97. Calculate l(60).
83
Let t(j) = -5*j**3 + 2*j**2 + 2*j - 28. Give t(0).
-28
Let f(o) = 37*o**2 + 360*o - 115. Give f(-10).
-15
Let m(j) = 33*j**3 + 96*j**2 - 144*j + 1. Determine m(-4).
1
Let k(p) = -7*p - 83. What is k(-7)?
-34
Let r(y) = 10*y**2 + 213*y + 621. Calculate r(-3).
72
Let s(d) = d**2 - 537*d + 2656. Calculate s(5).
-4
Let h(p) = p**2 - p - 772. Determine h(31).
158
Let p(s) = -2*s**3 - 9*s**2 + 29*s - 4. What is p(3)?
-52
Let y(w) = 2*w**2 + 2374*w - 7140. What is y(3)?
0
Let u(m) = 4126*m + 41290. Determine u(-10).
30
Let k(r) = r**2 + 13*r + 92. Give k(-6).
50
Let p(n) = 3728*n + 40998. What is p(-11)?
-10
Let j(q) = -46*q + 5013. Calculate j(109).
-1
Let i(s) = -s**3 + 2*s**2 + 7. Determine i(3).
-2
Let y(m) = 3*m**2 + 8*m - 145. Calculate y(6).
11
Let q(g) = g**2 + 57*g + 339. Determine q(-6).
33
Let u(v) = 5*v**2 + 182*v + 119. Determine u(-36).
47
Let m(u) = 116*u - 3013. Give m(26).
3
Let r(l) = l**3 + 37*l**2 - 73*l + 113. What is r(-39)?
-82
Let v(w) = 8*w**2 - 286*w + 1373. Determine v(30).
-7
Let c(y) = -143*y**2 - 157*y + 1. What is c(-1)?
15
Let k(y) = y**2 - 54*y + 165. Determine k(51).
12
Let i(l) = 46*l - 3323. Give i(73).
35
Let l(q) = q**3 - 22*q**2 - 23*q - 223. What is l(24)?
377
Let b(s) = s**2 + 17*s - 125. Determine b(-22).
-15
Let t(q) = -3*q**2 + 13*q - 91. Calculate t(8).
-179
Let a(g) = 688*g + 222. Determine a(-1).
-466
Let y(l) = l**3 + 214*l**2 - 421*l + 2378. Give y(-216).
2
Let v(l) = -l**3 + l**2 + 3*l - 20. Give v(-5).
115
Let p(u) = -16*u**2 - 97*u + 3. Calculate p(-7).
-102
Let p(w) = w**2 - 2271*w - 11360. Give p(-5).
20
Let m(o) = -1767*o + 8875. What is m(5)?
40
Let l(g) = -332*g - 41826. What is l(-126)?
6
Let b(k) = 1501*k + 27015. Calculate b(-18).
-3
Let p(f) = -4*f**2 - 193*f + 259. What is p(-46)?
673
Let t(n) = n**3 + 8*n**2 - 23*n - 37. Calculate t(-6).
173
Let d(a) = -2*a**3 - 16*a**2 + 2*a + 7. Give d(-7).
-105
Let z(s) = 143*s**3 + 2*s**2 + 6*s - 7. Give z(1).
144
Let a(s) = 13*s - 826. What is a(64)?
6
Let o(d) = -29*d - 22. What is o(-1)?
7
Let o(z) = -2250*z - 29244. Determine o(-13).
6
Let o(l) = -7*l**3 + l**2 + 3*l + 1. Determine o(-1).
6
Let n(y) = -87*y - 365. Calculate n(-8).
331
Let l(h) = 2*h**3 + 4*h**2 - 23*h - 37. Give l(-5).
-72
Let a(o) = 2*o - 85. Determine a(43).
1
Let w(i) = 2*i**2 + 5*i - 215. What is w(9)?
-8
Let f(g) = 207*g**2 - 425*g + 22. What is f(2)?
0
Let j(u) = 493*u - 969. Determine j(2).
17
Let q(b) = 2287*b + 29725. Give q(-13).
-6
Let x(l) = -33*l + 266. What is x(11)?
-97
Let r(l) = l**3 - 69*l**2 + 132*l + 116. What is r(67)?
-18
Let l(y) = 4*y**3 - 186*y**2 - 291*y + 159. Determine l(48).
15
Let i(a) = 3*a**2 - 78*a - 39. Calculate i(27).
42
Let k(c) = 54*c - 32. Calculate k(2).
76
Let d(g) = -g**2 + 56*g + 3975. Calculate d(97).
-2
Let y(a) = 2*a**2 + 33*a + 142. Give y(-6).
16
Let c(k) = 6*k + 170. What is c(-29)?
-4
Let f(w) = 74*w - 82. Give f(3).
140
Let a(d) = 3*d**2 + 34*d + 274. Give a(-8).
194
Let j(s) = 1249*s - 7559. What is j(6)?
-65
Let g(p) = 7*p**2 + 243*p + 617. Determine g(-32).
9
Let l(i) = -64*i + 197. Determine l(3).
5
Let y(u) = -2*u**3 + 8*u**2 - 122*u + 663. What is y(5)?
3
Let h(c) = -c**3 + 25*c**2 - 54*c + 716. Give h(24).
-4
Let a(z) = 66*z - 3927. Determine a(57).
-165
Let m(x) = -8*x**3 + 4*x - 7. Determine m(3).
-211
Let u(p) = -69*p - 74. Give u(-2).
64
Let c(v) = 191*v - 1726. What is c(9)?
-7
Let p(a) = -62*a + 3577. Determine p(60).
-143
Let i(a) = -3*a**2 - 13*a - 8. Give i(-4).
-4
Let k(q) = q**2 + 20*q + 20. What is k(-2)?
-16
Let p(l) = 5*l - 61. What is p(18)?
29
Let x(z) = 15*z**3 - 3*z**2 - 4*z + 8. Calculate x(3).
374
Let j(k) = -k**3 + 7*k**2 + 14*k - 80. Give j(8).
-32
Let v(w) = 165*w + 829. Determine v(-5).
4
Let y(w) = -w**2 + 25*w + 28. Determine y(14).
182
Let x(m) = m**2 + 24*m - 52. What is x(-9)?
-187
Let o(d) = -395*d + 778. Give o(2).
-12
Let y(q) = q**2 + 9*q - 287. Calculate y(13).
-1
Let z(w) = w**2 + 34*w - 3. What is z(-34)?
-3
Let v(o) = -o**3 + 121*o**2 - 195*o + 8996. Determine v(120).
-4
Let t(j) = -2*j**3 - 24*j**2 + 23*j - 23. What is t(-13)?
16
Let t(h) = -45*h - 209. Give t(11).
-704
Let d(h) = -2*h**2 + 1530*h - 13603. Determine d(9).
5
Let t(z) = -72*z**3 + 12*z**2 + 13*z - 2. Determine t(-1).
69
Let i(s) = 1343*s - 244422. Give i(182).
4
Let z(y) = y**3 + 18*y**2 - 16*y + 5. Calculate z(-7).
656
Let k(u) = 260*u - 10939. Calculate k(42).
-19
Let w(b) = 31*b**2 - 834*b - 33. Give w(27).
48
Let k(v) = 42*v**2 - 412*v - 74. Calculate k(10).
6
Let c(p) = 11*p**2 + 108*p - 825. What is c(-15)?
30
Let j(c) = 3*c + 8. Calculate j(-5).
-7
Let r(x) = x**2 - 6*x + 26. Give r(3).
17
Let t(z) = -5*z**2 + 105*z - 451. Give t(15).
-1
Let s(f) = -24*f + 473. What is s(23)?
-79
Let t(n) = n**3 - 23*n**2 + 58*n - 73. Calculate t(5).
-233
Let c(j) = -2*j**2 - 25*j - 44. What is c(-9)?
19
Let d(n) = -536*n + 2088. Give d(4).
-56
Let w(b) = 2*b**3 - 22*b**2 - 91*b + 91. What is w(14)?
-7
Let o(x) = x**3 - 12*x**2 - 9*x - 546. Calculate o(15).
-6
Let y(b) = 4232*b - 25396. What is y(6)?
-4
Let s(r) = 600*r - 2382. Determine s(4).
18
Let m(q) = -q**3 - q**2 + 7*q + 17. Give m(3).
2
Let q(f) = -2*f**3 + 22*f**2 - 38*f + 290. Give q(11).
-128
Let p(c) = -c**2 - 8*c - 5. Give p(-16).
-133
Let a(o) = 2*o**3 + 21*o**2 - 3*o - 110. Give a(-10).
20
Let g(l) = 1141*l - 165439. What is g(145)?
6
Let h(r) = 4*r**2 - 176*r + 12. Determine h(44).
12
Let a(n) = -n**2 - 3*n + 136. Give a(-19).
-168
Let m(u) = -29*u**2 - 28*u - 49. Determine m(-2).
-109
Let d(m) = -215*m - 6027. Give d(-28).
-7
Let s(v) = 2*v**3 - 27*v - 143. Calculate s(0).
-143
Let h(u) = 2*u**3 + 16*u**2 - 169*u - 12. What is h(-14)?
2
Let k(s) = s**3 - 21*s**2 + 65*s + 89. Give k(17).
38
Let l(z) = 71*z - 331. What is l(5)?
24
Let n(z) = 98*z - 2145. Calculate n(22).
11
Let z(u) = u**3 - 4*u**2 + 2*u + 19. Determine z(-4).
-117
Let q(r) = -37*r + 86. What is q(5)?
-99
Let b(p) = -p**2 + 47*p + 342. Calculate b(52).
82
Let z(h) = -91*h - 1089. What is z(-10)?
-179
Let l(o) = -2*o**3 + 19*o**2 + 8*o - 43. Give l(6).
257
Let k(w) = 1760*w + 8. Give k(0).
8
Let d(k) = 10*k + 300. What is d(-33)?
-30
Let m(u) = 645*u - 7156. Give m(11).
-61
Let l(i) = 13*i**2 - 60*i - 11. Determine l(5).
14
Let l(v) = -2*v**2 - 51*v - 307. What is l(-16)?
-3
Let h(z) = z**2 - 35*z + 57. Calculate h(7).
-139
Let u(y) = 53*y + 163. Give u(-5).
-102
Let y(o) = -2*o**3 - 28*o**2 - 47*o - 2. Calculate y(-12).
-14
Let o(u) = -30*u**2 - 95*u - 47. Determine o(-3).
-32
Let i(a) = 53*a**2 - 263*a - 5. Calculate i(5).
5
Let h(g) = -g**2 + 690*g + 4208. Calculate h(-6).
32
Let b(i) = -2*i**3 + 3*i**2 - 3*i - 72. Calculate b(-5).
268
Let v(w) = -6314*w - 37901. Determine v(-6).
-17
Let z(w) = -3*w**2 + 39*w - 46. Calculate z(12).
-10
Let d(w) = -3*w**3 - 180*w**2 - 173*w + 229. What is d(-59)?
-7
Let v(i) = 85*i + 1264. Give v(-15).
-11
Let g(w) = w**3 - 31*w**2 + 2*w - 31. Calculate g(31).
31
Let j(c) = 63*c - 2525. Calculate j(40).
-5
Let m(n) = 180*n + 1453. Give m(-8).
13
Let v(u) = u**3 - 19*u**2 - 18*u - 87. Determine v(20).
-47
Let q(l) = 334*l**3 - 5*l**2 - 4*l + 2. Calculate q(-1).
-333
Let z(f) = -f**2 - 55*f - 643. What is z(-18)?
23
Let l(u) = u**2 - 77*u + 659. Give l(68).
47
Let p(h) = h**3 + 15*h**2 - 15*h - 49. What is p(-16)?
-65
Let z(n) = 531*n - 10626. Determine z(20).
-6
Let s(n) = 5*n**2 + 45*n + 10. Determine s(-9).
10
Let l(j) = 2*j**3 - 43*j**2 + 73*j - 2090. Determine l(22).
0
Let t(s) = 502*s + 97389. Give t(-194).
1
Let u(t) = -t**2 - 169*t + 1571. Determine u(9).
-31
Let l(g) = 9*g**2 - 15*g - 168. Give l(13).
1158
Let o(l) = l**3 + 8*l**2 - 8*l + 1. Calculate o(-5).
116
Let t(b) = 73*b - 3803. Give t(52).
-7
Let o(d) = 46*d - 1431. Calculate o(31).
-5
Let z(k) = -k**2 + 28*k + 151. Determine z(32).
23
Let t(n) = -n**2 - 898*n - 8002. Calculate t(-9).
-1
Let y(i) = 314*i - 3775. What is y(12)?
-7
Let b(q) = -2*q**2 - 15*q - 51. Give b(-21).
-618
Let c(z) = 9001*z - 135005. Give c(15).
10
Let d(t) = -2*t**2 - t + 101. Give d(9).
-70
Let g(t) = -1261